ime factors of 273867861.
3, 223, 409369
What are the prime factors of 264630027?
3, 127, 694567
What are the prime factors of 371334641?
371334641
What are the prime factors of 1358099952?
2, 3, 11, 23, 111833
List the prime factors of 17450774.
2, 11, 271, 2927
List the prime factors of 185413159.
263, 704993
List the prime factors of 217230645.
3, 5, 79, 183317
What are the prime factors of 352523109?
3, 117507703
List the prime factors of 286919326.
2, 67, 2141189
List the prime factors of 1167868900.
2, 5, 11, 1061699
List the prime factors of 905300209.
11, 82300019
What are the prime factors of 137118149?
7, 19588307
List the prime factors of 758401317.
3, 84266813
List the prime factors of 235289537.
7, 17, 1977223
What are the prime factors of 8278589?
11, 149, 5051
What are the prime factors of 43202412?
2, 3, 11, 109097
What are the prime factors of 253757276?
2, 43, 197, 7489
List the prime factors of 10193592.
2, 3, 349, 1217
List the prime factors of 8066751954.
2, 3, 251, 5356409
List the prime factors of 76673025.
3, 5, 11, 13, 2383
List the prime factors of 1148015667.
3, 3463, 110503
List the prime factors of 939399334.
2, 469699667
What are the prime factors of 382731519?
3, 43, 2966911
List the prime factors of 1814784097.
7, 259254871
What are the prime factors of 79428004?
2, 19857001
What are the prime factors of 898372072?
2, 13, 17, 508129
What are the prime factors of 388055240?
2, 5, 19, 137, 3727
List the prime factors of 1039476183.
3, 6217, 55733
List the prime factors of 8097199579.
7, 127, 1301173
List the prime factors of 47725479.
3, 5302831
List the prime factors of 291071985.
3, 5, 29, 193, 3467
List the prime factors of 80851885.
5, 229, 241, 293
What are the prime factors of 2351818889?
7, 335974127
What are the prime factors of 438598531?
7, 487, 128659
List the prime factors of 6064019681.
37657, 161033
What are the prime factors of 27102932?
2, 6775733
What are the prime factors of 660994879?
660994879
List the prime factors of 545558517.
3, 7, 2886553
What are the prime factors of 352256314?
2, 19, 59, 2663
List the prime factors of 203051615.
5, 13, 61, 83, 617
List the prime factors of 274170168.
2, 3, 59, 233, 277
What are the prime factors of 41353136?
2, 11, 234961
What are the prime factors of 373366364?
2, 7, 13334513
List the prime factors of 338425166.
2, 167, 1013249
What are the prime factors of 3130007987?
3130007987
What are the prime factors of 28885704?
2, 3, 1203571
List the prime factors of 246767460.
2, 3, 5, 23, 178817
What are the prime factors of 2301807582?
2, 3, 17, 1361, 5527
What are the prime factors of 5765859427?
317, 18188831
What are the prime factors of 895344474?
2, 3, 17, 1481, 5927
What are the prime factors of 991104014?
2, 495552007
List the prime factors of 3748622908.
2, 1667, 562181
List the prime factors of 25333601.
173, 146437
What are the prime factors of 3036826875?
3, 5, 17, 95273
What are the prime factors of 4549081422?
2, 3, 19, 31, 1287233
List the prime factors of 38250873.
3, 157411
What are the prime factors of 1350539664?
2, 3, 37, 307, 2477
List the prime factors of 4236800808.
2, 3, 176533367
What are the prime factors of 235943253?
3, 7, 13, 109, 881
What are the prime factors of 1897250876?
2, 29, 199, 82189
List the prime factors of 2861797169.
7, 11, 29, 53, 24181
What are the prime factors of 1761709217?
1761709217
What are the prime factors of 74124160?
2, 5, 11, 10529
List the prime factors of 143800666.
2, 71900333
List the prime factors of 8272599.
3, 2757533
List the prime factors of 1283386071.
3, 11, 2309, 16843
List the prime factors of 692153385.
3, 5, 7, 11, 17, 35251
What are the prime factors of 2684186807?
43, 101, 618049
List the prime factors of 126654725.
5, 1009, 5021
List the prime factors of 88484468.
2, 73, 303029
What are the prime factors of 1877693081?
11, 170699371
What are the prime factors of 4568224219?
13, 113, 3109751
List the prime factors of 4629631522.
2, 17, 41, 3321113
List the prime factors of 3062212064.
2, 19, 5036533
What are the prime factors of 31023323?
31023323
List the prime factors of 577745875.
5, 7, 660281
What are the prime factors of 298490555?
5, 11, 179, 30319
What are the prime factors of 350949987?
3, 47, 401, 2069
What are the prime factors of 126443112?
2, 3, 101, 52163
List the prime factors of 1542762799.
2239, 689041
List the prime factors of 57140037.
3, 31, 204803
List the prime factors of 121564947.
3, 7, 107, 54101
List the prime factors of 48971856.
2, 3, 1020247
List the prime factors of 776801307.
3, 293, 883733
What are the prime factors of 154030230?
2, 3, 5, 1711447
List the prime factors of 49079889.
3, 523, 10427
List the prime factors of 656200161.
3, 593, 122953
List the prime factors of 242397054.
2, 3, 13466503
What are the prime factors of 7255584?
2, 3, 7, 59, 61
List the prime factors of 89227666.
2, 11, 43, 94321
What are the prime factors of 2381679476?
2, 11, 54129079
List the prime factors of 1165039418.
2, 5851, 99559
What are the prime factors of 26909230?
2, 5, 2690923
List the prime factors of 521285505.
3, 5, 13, 2673259
What are the prime factors of 275800880?
2, 5, 3447511
List the prime factors of 68304205.
5, 367, 37223
What are the prime factors of 1086936272?
2, 37, 1836041
What are the prime factors of 46523756?
2, 23, 505693
What are the prime factors of 7955027?
929, 8563
List the prime factors of 887638791.
3, 13, 337, 67537
What are the prime factors of 84035663?
137, 157, 3907
What are the prime factors of 89590824?
2, 3, 167, 7451
List the prime factors of 3746865226.
2, 13, 144110201
What are the prime factors of 694649934?
2, 3, 11, 29, 120977
What are the prime factors of 276205153?
7, 39457879
List the prime factors of 248227292.
2, 31, 2001833
List the prime factors of 73626562.
2, 149, 247069
What are the prime factors of 564846093?
3, 7, 2741, 3271
List the prime factors of 921392321.
29, 59, 538511
List the prime factors of 2310425.
5, 13, 7109
What are the prime factors of 448964183?
971, 462373
List the prime factors of 65028117.
3, 7, 11, 89, 3163
What are the prime factors of 217510?
2, 5, 21751
What are the prime factors of 1408992831?
3, 2371, 66029
List the prime factors of 132109765.
5, 26421953
List the prime factors of 30514695.
3, 5, 31, 137, 479
What are the prime factors of 980502353?
17, 19, 159769
List the prime factors of 258238935.
3, 5, 637627
List the prime factors of 272065625.
5, 13, 37, 181
What are the prime factors of 19853666?
2, 7, 1418119
List the prime factors of 2424785267.
2424785267
List the prime factors of 20036622.
2, 3, 29, 115153
List the prime factors of 2282381273.
3119, 731767
List the prime factors of 2124376155.
3, 5, 11, 89, 48221
What are the prime factors of 127327147?
53, 97, 24767
What are the prime factors of 14865230?
2, 5, 1486523
What are the prime factors of 14063449?
14063449
What are the prime factors of 160567803?
3, 11, 19, 85363
List the prime factors of 1779885151.
11, 161807741
What are the prime factors of 252459173?
71, 3555763
List the prime factors of 561531203.
37, 41, 370159
List the prime factors of 4102762639.
4102762639
What are the prime factors of 155888921?
7823, 19927
What are the prime factors of 885705545?
5, 97, 1826197
What are the prime factors of 900778350?
2, 3, 5, 1523, 3943
List the prime factors of 7076042.
2, 23, 199, 773
List the prime factors of 1342644504.
2, 3, 23, 1307, 1861
List the prime factors of 167790000.
2, 3, 5, 7, 17, 47
List the prime factors of 104726244.
2, 3, 7, 97, 12853
List the prime factors of 4537559378.
2, 11, 127, 1624037
List the prime factors of 4900690191.
3, 1633563397
What are the prime factors of 47151859?
47151859
List the prime factors of 168837813.
3, 61, 307537
List the prime factors of 124507682.
2, 13, 4788757
What are the prime factors of 1072090279?
13, 82468483
List the prime factors of 71113075.
5, 11, 29, 37, 241
What are the prime factors of 2855480591?
2855480591
List the prime factors of 7473822.
2, 3, 29, 42953
List the prime factors of 253981389.
3, 67, 859, 1471
List the prime factors of 1386794710.
2, 5, 7, 83, 238691
List the prime factors of 8696038.
2, 13, 61, 5483
List the prime factors of 251737866.
2